hest common factor of 650 and 67075?
25
Calculate the greatest common factor of 1215 and 360.
45
Calculate the greatest common factor of 110 and 13992.
22
Calculate the greatest common factor of 35 and 560.
35
Calculate the highest common divisor of 3143 and 35.
7
Calculate the highest common factor of 305 and 106567.
61
Calculate the greatest common divisor of 233667 and 1575.
63
Calculate the greatest common factor of 42012 and 216.
108
Calculate the greatest common divisor of 516 and 157308.
12
What is the greatest common divisor of 3190 and 56210?
110
Calculate the greatest common factor of 764 and 2648788.
764
What is the highest common factor of 20 and 8579930?
10
What is the greatest common divisor of 519 and 261057?
519
What is the greatest common divisor of 544610 and 20?
10
What is the highest common divisor of 57 and 2869?
19
What is the highest common divisor of 13773876 and 251?
251
Calculate the highest common factor of 16 and 3624928.
16
Calculate the highest common factor of 13150 and 950.
50
What is the highest common factor of 868 and 7502?
62
Calculate the greatest common divisor of 311458 and 14.
14
What is the highest common divisor of 55687 and 7648?
239
Calculate the greatest common divisor of 2124 and 370107.
531
Calculate the greatest common factor of 466360 and 5518.
178
Calculate the greatest common divisor of 897420 and 84.
12
Calculate the greatest common factor of 54365 and 2227.
131
What is the greatest common divisor of 237 and 803667?
237
Calculate the greatest common factor of 45 and 4887.
9
Calculate the highest common factor of 95207 and 2.
1
Calculate the greatest common divisor of 90 and 22077.
9
What is the highest common factor of 36915 and 8667?
321
What is the greatest common factor of 7 and 2413579?
7
Calculate the greatest common divisor of 930 and 282255.
465
What is the highest common divisor of 6232 and 143992?
328
Calculate the greatest common factor of 44 and 122716.
44
Calculate the greatest common divisor of 180 and 2290095.
45
What is the highest common factor of 1000 and 176200?
200
Calculate the highest common divisor of 2408 and 196.
28
What is the greatest common factor of 7437 and 888?
111
What is the highest common factor of 6168 and 26256?
24
Calculate the greatest common divisor of 47220 and 576.
12
Calculate the greatest common divisor of 58946 and 58.
2
Calculate the highest common divisor of 957 and 13369.
29
What is the greatest common divisor of 107580 and 4564?
652
Calculate the highest common divisor of 57 and 288363.
57
Calculate the greatest common factor of 171936 and 72.
72
What is the greatest common factor of 50847 and 102?
51
Calculate the greatest common factor of 66 and 437118.
66
What is the greatest common divisor of 213 and 1015584?
213
Calculate the highest common factor of 51342 and 516.
258
Calculate the highest common factor of 486 and 8406.
18
What is the greatest common factor of 112 and 2542288?
112
What is the highest common factor of 175 and 247525?
25
What is the greatest common divisor of 1700 and 65875?
425
Calculate the greatest common factor of 396 and 42348.
12
What is the greatest common divisor of 553725 and 600?
75
What is the greatest common factor of 747 and 3924?
9
What is the greatest common divisor of 23640 and 2?
2
What is the highest common divisor of 16 and 150688?
16
What is the highest common factor of 590316 and 12?
12
What is the highest common factor of 548 and 335513?
137
Calculate the greatest common factor of 1395041 and 939.
313
Calculate the highest common factor of 632192 and 192.
64
What is the greatest common divisor of 298700 and 500?
100
Calculate the greatest common divisor of 70356 and 12.
12
What is the highest common divisor of 1168 and 74?
2
What is the highest common divisor of 1078 and 461923?
539
Calculate the highest common divisor of 16 and 55566.
2
Calculate the greatest common factor of 363 and 9573.
3
Calculate the greatest common factor of 49 and 40229.
49
Calculate the highest common divisor of 30105 and 135.
135
Calculate the greatest common divisor of 3306 and 7786732.
1102
Calculate the greatest common factor of 27888 and 3696.
336
What is the greatest common divisor of 7271 and 264?
11
Calculate the greatest common factor of 485 and 31913.
97
What is the greatest common divisor of 7885 and 1045?
95
Calculate the highest common factor of 2610 and 1035.
45
What is the greatest common divisor of 79386 and 131?
131
Calculate the highest common divisor of 45 and 116595.
45
Calculate the greatest common divisor of 2232 and 3912.
24
Calculate the highest common factor of 1377 and 6156.
81
What is the greatest common divisor of 4256 and 9709?
133
What is the highest common factor of 8651 and 1899?
211
What is the greatest common divisor of 3968 and 333952?
128
Calculate the greatest common factor of 84 and 27909.
21
Calculate the highest common factor of 169200 and 10400.
400
What is the highest common divisor of 352760 and 160?
40
Calculate the greatest common divisor of 63 and 322119.
63
Calculate the greatest common divisor of 14555 and 25915.
355
What is the highest common divisor of 51514 and 599?
599
Calculate the highest common divisor of 60534 and 12.
6
Calculate the greatest common factor of 440 and 47245.
55
What is the greatest common factor of 2275 and 12740?
455
Calculate the greatest common factor of 37401 and 6279.
273
Calculate the highest common divisor of 457 and 878354.
457
Calculate the highest common factor of 27 and 29457.
27
What is the highest common factor of 3439757 and 303?
101
Calculate the greatest common divisor of 1768 and 9503.
221
Calculate the greatest common divisor of 538369 and 117.
13
Calculate the highest common factor of 28855 and 5945.
145
What is the greatest common factor of 259 and 13727?
259
What is the greatest common divisor of 232 and 13978?
58
Calculate the highest common factor of 2486634 and 1044.
174
What is the highest common divisor of 1101905 and 665?
665
Calculate the highest common divisor of 202831 and 178.
89
What is the highest common factor of 20257 and 517?
47
What is the greatest common divisor of 36 and 988398?
18
Calculate the highest common factor of 1576 and 27928.
8
Calculate the greatest common factor of 432 and 58914.
54
What is the greatest common divisor of 740 and 35076?
148
Calculate the greatest common factor of 111562 and 726.
242
What is the highest common factor of 7446 and 21760?
34
Calculate the highest common factor of 22589 and 196.
49
Calculate the greatest common factor of 53934 and 17088.
534
Calculate the highest common divisor of 10400 and 4784.
208
What is the greatest common factor of 3600 and 5440?
80
What is the greatest common factor of 1890 and 293247?
27
Calculate the highest common divisor of 17505 and 1125.
45
What is the highest common factor of 451 and 47519?
41
What is the greatest common factor of 12403 and 3081?
79
What is the highest common factor of 3215563 and 2067?
689
Calculate the highest common divisor of 965955 and 10.
5
Calculate the greatest common divisor of 864 and 121986.
54
What is the greatest common divisor of 275385 and 330?
165
Calculate the greatest common divisor of 51 and 2591293.
17
Calculate the greatest common factor of 56 and 918904.
56
Calculate the highest common factor of 1701 and 329679.
63
Calculate the greatest common factor of 434682 and 36.
18
Calculate the greatest common divisor of 8484 and 30996.
84
Calculate the highest common divisor of 3324 and 16.
4
Calculate the greatest common divisor of 16 and 264352.
16
Calculate the highest common divisor of 721684 and 51.
17
What is the highest common divisor of 22016 and 10240?
512
What is the highest common divisor of 164559 and 513?
57
Calculate the highest common divisor of 19648 and 5833.
307
What is the highest common factor of 200 and 10264?
8
Calculate the greatest common factor of 73050 and 15.
15
What is the greatest common factor of 70 and 57295?
35
What is the highest common divisor of 13412 and 231?
7
What is the greatest common divisor of 276 and 356500?
92
Calculate the greatest common factor of 368 and 15709.
23
Calculate the greatest common divisor of 1813 and 2072.
259
What is the highest common divisor of 2686 and